Is h/15 - c/5 prime?
False
Suppose -3*b - 1 = x - 7*b, -3*x - 3*b + 42 = 0. Let u(w) = w**3 - 12*w**2 + 12*w - 13. Let q be u(x). Is (-1)/q - (-1590)/12 prime?
False
Suppose 4*h - 93784 = 8*n - 12*n, 2*n + 4*h = 46890. Is n composite?
False
Suppose -3*r = -21 - 3. Let b(i) = r*i - 21*i - 1 - 14*i - 2*i. Is b(-4) prime?
False
Let r be 2 + 0 - (9 + -6). Let v = 3 + r. Suppose 0 = 2*s + t - 972, -v*s = s + 2*t - 1457. Is s prime?
True
Let l be 1/((3 - 1)/20). Let y = l + -15. Let q(f) = -102*f - 1. Is q(y) composite?
False
Let f = 480 - -1333. Let j = f - 936. Is j prime?
True
Is 4/(-14) - 948/(-14)*34 a prime number?
False
Let f be (1 - -1)/(8 - 9). Is 28/42*((-1606)/(-4) - f) prime?
True
Let o(w) = -w**2 + 2. Let f be o(2). Let s = 1 - f. Suppose 4*v + 89 = -4*g + 261, -4*g - s*v = -176. Is g a composite number?
False
Suppose 58*y - 269549 = 9*y. Is y a prime number?
True
Let w = -103 - -218. Let a = w + 222. Is a composite?
False
Suppose 3*r - 2*r - 49 = -4*p, -r = 3*p - 37. Suppose 3*q + p = 0, q - 6 = -f + 2*q. Is f/(-7) + 1297/7 a composite number?
True
Suppose -o + 11 - 12 = 0, 5*o = -3*g + 1540. Is g prime?
False
Let g be (3/(-2))/((-3)/6). Suppose r + g = 0, -150 = -6*d + 3*d + 4*r. Is d composite?
True
Let d(o) = -2*o**3 - 7*o**2 - 5*o + 3. Suppose h + 0*l + 3*l = 24, 4*l = 4*h - 128. Let m be (h/6)/(0 - 1). Is d(m) composite?
False
Suppose 71 = -2*r + 5*g + 444, 4*r - 5*g - 731 = 0. Is r a prime number?
True
Suppose a - 3113 = -2*w, 4*w - 9*w = -3*a + 9317. Is a composite?
False
Is ((-36852)/9 - 2)/((-14)/21) a prime number?
False
Let i(q) = -6*q**3 + 6*q**2 + 9*q + 5. Let y be (-2)/(-9) + -1 + (-58)/18. Is i(y) a prime number?
True
Let b(t) = 3*t**2 - 6*t - 6. Let o be b(-1). Suppose -p - 5*v + o = -399, p + 3*v = 404. Is p a composite number?
True
Let z be ((-21)/6 + 4)*6710. Suppose -10*p = -5*p - z. Is p a prime number?
False
Is (-21)/(-28) + 4/16 + 4358 composite?
True
Suppose 3*g - 15 = 21. Suppose 0 = g*w - 7*w - 1905. Is w prime?
False
Let r(c) = -155*c**3 + 4*c**2 - 2*c - 5. Is r(-2) a composite number?
True
Let r(k) be the second derivative of -4/3*k**3 + 9/4*k**4 - k + 0 - 3*k**2. Is r(-5) a composite number?
False
Suppose 3*l - o = 7, 0 = -0*l - 3*l + 3*o - 3. Suppose l*z - 12834 + 5126 = 0. Is z composite?
True
Is ((-6)/(-9))/(4/100338) prime?
False
Let l(b) = -2 + 0 + 0*b - 2 - 63*b. Let z be l(2). Let w = -77 - z. Is w prime?
True
Suppose 2*a - 4*i - 21 = a, -3*a = 5*i + 5. Suppose -4*s - m = -8521, 5*s + 0*m - 10670 = -a*m. Is s a composite number?
False
Let q = -236 - 12. Let b = q - -601. Is b prime?
True
Suppose 2*h = 5*a + 90, 4*a + h + 79 = -6. Let w(l) = 2*l**2 + 3*l + 2. Let y be w(3). Let f = y - a. Is f composite?
True
Suppose 3*s = -g + 8896, -6*g = -3*g + s - 26696. Is g a prime number?
False
Let a be -47*9/((-36)/(-8)). Let m = -45 - a. Is m a prime number?
False
Let r be 33/(-4) + (0 - 3/4). Let p(v) = 12*v**2 - 2*v + 19. Is p(r) prime?
True
Suppose 10 = d - 2*y, 2*d - 5*y - 16 = -0*d. Is (-3447)/d*(-7 + 1) a prime number?
False
Suppose 4*q + 6234 = 6*q - 5*f, -4*f = -16. Is q a prime number?
False
Suppose 17*a - 4770 - 11669 = 0. Is a a composite number?
False
Let m(t) = 3609*t + 186. Is m(3) prime?
False
Is 36494/(-8 + 12 + -2) a prime number?
False
Suppose 5*t - 85 = -0*p - 5*p, 4*p + 5*t - 66 = 0. Suppose -5*c + 5*n = -p + 4, -5*n = -3*c + 9. Suppose o - c = 0, b + 8*o - 142 = 3*o. Is b prime?
True
Let t be (-1 + -2)/(-6)*68. Suppose 10*u - 36 = t. Is u composite?
False
Suppose 5*t - 2*t + 15 = 0. Let i(w) = -7*w**3 - 7*w**2 + 4*w + 8. Let c(m) = 6*m**3 + 8*m**2 - 3*m - 8. Let d(v) = t*i(v) - 6*c(v). Is d(-13) composite?
True
Let x(y) = y**3 + 21*y**2 - 51. Is x(20) composite?
False
Suppose s = -4*z - 431, 2*z = 4*s + z + 1673. Is (-3 - -2)*1*1*s prime?
True
Let h = -3 - -7. Suppose h*p = 165 + 71. Is p a composite number?
False
Is 52*10356/24 + -1*5 a composite number?
False
Suppose z + 1633 = -4*y, 2*z = 2*y - 0*y + 804. Let u = y - -624. Suppose s - u = -0*s. Is s prime?
False
Suppose -5*u - 5*a + 12385 = 0, -10*u + 5*u - 2*a + 12373 = 0. Is u composite?
False
Suppose 5*b - 23 = -4*p - 3, 0 = 2*b - 2*p - 8. Let v be (-943476)/(-78) - 4/(-26). Suppose b*d + 4732 = v. Is d prime?
False
Let c(d) = d**2 + 7*d**3 + 5*d**2 - 2*d**3 + 4*d. Let t be c(5). Suppose -2*j = j - t. Is j composite?
True
Suppose -45*f + 69*f - 227064 = 0. Is f a prime number?
True
Let x(z) = -2*z**3 + 8*z**2 - 22*z + 25. Is x(-19) a composite number?
True
Let o = -429 + 574. Let m(g) = -g**3 + 4*g**2 + 5*g + 5. Let j be m(5). Suppose -j*h = -490 + o. Is h prime?
False
Let x(j) = 6*j**2 - 3*j - 4. Is x(-43) composite?
True
Is 7815/9 + (4/3)/2 a composite number?
True
Let z = -13 - -15. Suppose -8 = -3*a + z*a. Let w(u) = 2*u**2 - 11*u - 3. Is w(a) a composite number?
False
Suppose 0 = -5*n - u + 605, 4*u - 484 = -n - 3*n. Is n prime?
False
Let k(t) = -667*t + 3. Let r = -114 - -110. Is k(r) a composite number?
False
Suppose 29 = 3*y + 2*y + 4*o, -o = 4*y - 21. Suppose 5*p = -0*p + 10. Suppose -y*w = -5, -p*m = m - 2*w - 355. Is m a composite number?
True
Suppose -15 = -4*a + 3*k, 11*a - 16*a + 42 = 4*k. Is 1*-3 + 864/a a composite number?
True
Is 78/(-195)*(-61135)/2 a composite number?
False
Let w(y) = y**3 + 2*y - 1. Let l be w(1). Suppose -5*t - 30 = -i + l*i, -i - 14 = t. Is (382/i)/(13/(-65)) a prime number?
True
Let i be ((-391)/34)/(2/292). Let k = i + 2378. Is k prime?
False
Is 0 + 1893/(-4)*112/(-84) composite?
False
Suppose 12 = -3*r + 3, j + r - 1127 = 0. Suppose -11*x + j = -9*x. Is x a composite number?
True
Let i = 680 + 169. Is i composite?
True
Let b be 6/16 - (-128343)/24. Suppose 22*u - 26*u = -b. Is u prime?
False
Let j(b) = 68*b**2 - 5*b - 166. Is j(21) a composite number?
False
Let p(j) = -1. Let h(k) = 12*k + 2. Let m = 23 + -26. Let v(b) = m*p(b) - h(b). Is v(-7) a prime number?
False
Suppose -6*w + 64307 + 10387 = 0. Is w a prime number?
False
Let j(t) = t**2 + 7*t + 8. Let n be j(-9). Let g be 5/(-20) + n/8. Suppose k = 2*v + 3*v - 2138, 0 = g*v - k - 1284. Is v prime?
False
Let i(u) be the third derivative of u**5/30 - 11*u**4/24 + 13*u**3/6 + u**2 + 82. Let q(h) = -h**3 - h + 6. Let l be q(0). Is i(l) composite?
False
Let c(n) = 16*n**2 - 5. Let u = 10 - -9. Suppose 3*t + h = u, -2*h - 10 = -3*t - 3. Is c(t) a prime number?
False
Let u(w) = 3*w - 1. Let b be u(-3). Let a = b - -12. Suppose 0 = a*m - 1737 + 143. Is m composite?
False
Let z be 1/3*90/15. Suppose 3*c - z*f - 6 - 3 = 0, -5*f - 6 = -2*c. Suppose 2*o + 6 = -0*o, -2*o = -c*r + 333. Is r composite?
False
Let u = 2 - -2. Suppose 5*o - 12 = u*s, 4*o + 0*s - 9 = 3*s. Suppose o = -3*d + 5*a + 205, -4*d + 0*a = a - 258. Is d composite?
True
Suppose -3*b + 805 + 3638 = 0. Is b a composite number?
False
Let c = 89 - 87. Suppose -261 = -c*f + 1. Is f composite?
False
Suppose 3*q - 5*n - 1 = 0, -3*q = -q - 2*n - 2. Let f be 36/(3*q/(-32)). Let c = 487 + f. Is c a prime number?
False
Suppose 7*k + 2*x = 3*k + 14026, 17531 = 5*k + 3*x. Suppose k - 1133 = 5*d. Suppose -d = -2*n - 3*n. Is n a prime number?
False
Suppose 6*s - 2*s - 8007 = -5*h, 2*h - 3*s = 3212. Is h a composite number?
True
Let y = 360 - -15298. Is y prime?
False
Suppose -2*s - 5*z = 11, 5*z + 14 = 5*s - 11. Suppose s*b - 3608 = -6*b. Is b a prime number?
False
Let o(q) = q**3 - 7*q**2 - 10*q + 20. Let l = -4 - -12. Let w be o(l). Suppose -1469 - 2015 = -w*h. Is h prime?
False
Suppose 36*k = 34*k + 134. Is k prime?
True
Let v be 6 + 0 + -7 + 2 + 6. Let f(k) = -2*k - k**2 - 7 + 5*k**2 - 2*k. Is f(v) a composite number?
True
Let v = -667 - -1561. Suppose 0 = 4*d + 2*d - v. Is d composite?
False
Let p be 3/9 - (-42)/9. Let z(i) = 58*i - 16 + 7*i + p + 21*i. Is z(6) prime?
False
Let y be (-2)/(-4*2/(-32)). Is (0 - (-6)/y) + (-20470)/(-40) prime?
False
Suppose -4*q + 2*m + 7159 = -4985, m + 9109 = 3*q. Is q prime?
True
Let m be 6/27 - (-1371)/27. Let u = 778 - m. Is u a prime number?
True
Let q = 8 + -7. Let b be (-1482)/(-3) - 0/q. Suppose -2*m + b - 84 = 0. Is m a composite number?
True
Let y(o) = -o**3 + 6*o**2 - o + 7. Let f be y(5). Let v be (-4)/6 - 7218/f. Let q = 447 + v. Is q a prime number?
True
Let n(j) = -j**3 + 6*j**2 + 12*j. Let w be n(-7). Let g = w + 964. Is g a composite numb